{"id":22,"date":"2017-01-20T10:27:09","date_gmt":"2017-01-20T10:27:09","guid":{"rendered":"http:\/\/neurologe-praxis.de\/?page_id=22"},"modified":"2026-04-21T07:28:18","modified_gmt":"2026-04-21T07:28:18","slug":"startseite","status":"publish","type":"page","link":"https:\/\/nerven-praxis.de\/website\/","title":{"rendered":""},"content":{"rendered":"<div style=\"font-size: 1.2em; color: red; text-align: center;\">+++ Unsere Praxis bleibt wegen Umstellung unserer Praxis-EDV am 27. und 28. April geschlossen! +++<\/div>\n<p><!-- \n\n<div style=\"font-size: 1.2em; color: red; text-align: center;\">+++ Unsere Praxis bleibt \u00fcber die Feiertage vom 22.12.25 bis 5.1.26 geschlossen (Vertretung siehe <a href=\"https:\/\/nerven-praxis.de\/website\/sample-page\/\">Aktuelles<\/a>) +++<\/div>\n\n\n\n\n<div style=\"font-size: 1.2em; color: red; text-align: center;\">+++ \u00c4rztliche Schweigepflicht in Gefahr: \u00a0<a href=\"https:\/\/nerven-praxis.de\/website\/aerztliche-schweigepflicht-in-gefahr-die-elektronische-patientenakte\/\">die elektronische Patientenakte<\/a> +++<\/div>\n\n --><\/p>\n<div style=\"font-size: 1.8em; color: black; text-align: center;\">Dr. Richard Ippisch<br \/>\nDr. Martina Mennicken<\/div>\n<div style=\"font-size: 1.4em; text-align: center;\"><strong>Neurologie<\/strong><\/div>\n<div style=\"font-size: 1.8em; color: black; text-align: center;\">Dr. Kristina-Marija Strube<\/div>\n<div style=\"font-size: 1.4em; text-align: center;\"><strong>Neurologie, Schmerztherapie<\/strong><\/div>\n<div><\/div>\n<div style=\"font-size: 1.8em; color: black; text-align: center;\">Dr. Elisabeth Schm\u00f6lz<br \/>\nDr. Heike Thoma<br \/>\nPD Dr. Astrid R\u00f6h<\/div>\n<div style=\"font-size: 1.4em; text-align: center;\"><strong>Psychiatrie, Psychotherapie<\/strong><\/div>\n<div><\/div>\n<div style=\"font-size: 1.4em; color: black; text-align: center;\">Josef-Kistler-Stra\u00dfe 10<br \/>\n<strong>82110 Germering<\/strong><sup>*<\/sup><strong>Telefon: 089 - 894 82 64<br \/>\nFax:\u00a0\u00a0\u00a0\u00a0\u00a0\u00a0\u00a0\u00a0\u00a0\u00a0\u00a0\u00a0\u00a0\u00a0\u00a0\u00a0\u00a0\u00a0\u00a0\u00a0\u00a0\u00a0\u00a0\u00a0\u00a0\u00a0\u00a0\u00a0...67<\/strong><\/div>\n<div style=\"text-align: center;\"><sup>*<\/sup> gro\u00dfe Kreisstadt direkt angrenzend an den Westen von M\u00fcnchen.<\/div>\n<p>\n<center><\/p>\n<div><\/div>\n<div style=\"color: black; width: 320px; background-color: #ccc; border: 1px solid black; padding: 10px; vertical-align: middle;\"><strong>Kennen Sie unseren Online-Service ?<\/strong><br \/>\nSie k\u00f6nnen damit einen R\u00fcckruf zur Termin-Vereinbarung anfordern, Rezepte nachbestellen oder andere Anfragen an uns richten:<br \/>\n<a style=\"font-size: 1.3em;\" href=\"http:\/\/nerven-praxis.de\/online\/anfragen1.php\"> Unser Online-Service<\/a>.<\/div>\n<p><!--\n\n\n<div style=\"color: black; background-color: #ccc; border: 1px solid black; padding: 10px; vertical-align: middle;\"><strong>Umstellung unserer Telefonanlage am 31.3.22!<\/strong>\nUnser Telefonanschluss wird am 31.3.2022 umgestellt. Unsere Praxis ist m\u00f6glicherweise dann vor\u00fcbergehend nicht \u00fcber unsere \u00fcblichen Telefonnummern erreichbar. Wir werden hier rechtzeitig eine ersatzweise anzuw\u00e4hlende Mobiltelefon-Nummer bekannt geben.\n\n\n<div style=\"color: black; background-color: #ccc; border: 1px solid black; padding: 10px; vertical-align: middle;\"><strong>Corona-Krise:<\/strong>\nWir haben die Einschr\u00e4nkungen des Praxisbetriebs gelockert. <strong>Bitte betreten Sie die Praxis nur mit einer Gesichtsmaske!<\/strong> Lesen Sie bitte die aktualisierten\n<a href=\"https:\/\/wp.me\/P8m3CX-g8\" style=\"font-size:1.3em;\">Informationen unserer Praxis<\/a>.<\/div>\n\n\n<i><\/i>\n\n\n<div style=\"color: black; background-color: #ccc; border: 1px solid black; padding: 10px; vertical-align: middle;\"><strong>Corona-Krise:<\/strong>\nWir haben die Einschr\u00e4nkungen des Praxisbetriebs gelockert. <strong>Bitte betreten Sie die Praxis nur mit einer Gesichtsmaske!<\/strong> Lesen Sie bitte die aktualisierten\n<a href=\"https:\/\/wp.me\/P8m3CX-g8\" style=\"font-size:1.3em;\">Informationen unserer Praxis<\/a>.<\/div>\n\n\n<i><\/i>\n\n\n<div style=\"color: black; background-color: #ccc; border: 1px solid black; padding: 10px; vertical-align: middle;\"><strong>Kennen Sie unseren Online-Service ?<\/strong>\nSie k\u00f6nnen damit einen R\u00fcckruf zur Terminvereinbarung anfordern, Rezepte nachbestellen oder andere Anfragen an uns richten: <a href=\"http:\/\/nerven-praxis.de\/online\/anfragen1.php\" style=\"font-size:1.3em;\"> Unser Online-Service<\/a>.<\/div>\n\n\n<i><\/i>\n\n\n<div style=\"color: black; background-color: #ccc; border: 1px solid black; padding: 10px; vertical-align: middle;\"><strong>Droht eine \"SCHUFA-Auskunft\" Ihrer Krankheitsdaten ?<\/strong>\nWir wehren uns gegen die Einf\u00fchrung der <a href=\"http:\/\/www.nerven-praxis.de\/patblog\/2019\/03\/05\/in-zukunft-moegliche-schufa-auskunft-fuer-ihre-krankheiten\/\">Telematik-Infrastruktur<\/a> durch Gesundheitsminister Jens Spahn.<\/div>\n\n\n<i><\/i>\n--><\/p>\n<p><a style=\"font-size: 1.5em;\" href=\"http:\/\/nerven-praxis.de\/website\/wir-ueber-uns\/\">wir \u00fcber uns<\/a><br \/>\nWas Sie von uns erwarten k\u00f6nnen.<\/p>\n<p><a style=\"font-size: 1.5em;\" href=\" http:\/\/nerven-praxis.de\/schwindel-praxis\/index.html\">schwindel-sprechstunde<\/a><br \/>\nUnsere Spezialsprechstunde f\u00fcr Schwindel.<\/p>\n<p><a style=\"font-size: 1.5em;\" href=\"http:\/\/nerven-praxis.de\/website\/bundesweites-netzwerk-gegen-kopfschmerz\/\">kopfschmerz-zentrum<\/a><br \/>\nim bundesweiten Netzwerk gegen Kopfschmerz.<\/p>\n<p><a style=\"font-size: 1.5em;\" href=\"http:\/\/www.nerven-praxis.de\/patblog\/2013\/03\/09\/einfuhrung\/\">neuro blog<\/a><br \/>\nIn unserem Blog finden Sie Wissenswertes und interessante F\u00e4lle aus unserer Praxis...<br \/>\n<\/center><\/p>\n","protected":false},"excerpt":{"rendered":"<p>+++ Unsere Praxis bleibt wegen Umstellung unserer Praxis-EDV am 27. und 28. April geschlossen! +++ Dr. Richard Ippisch Dr. Martina Mennicken Neurologie Dr. Kristina-Marija Strube Neurologie, Schmerztherapie Dr. Elisabeth Schm\u00f6lz Dr. Heike Thoma PD Dr. Astrid R\u00f6h Psychiatrie, Psychotherapie Josef-Kistler-Stra\u00dfe 10 82110 Germering*Telefon: 089 - 894 82 64 Fax:\u00a0\u00a0\u00a0\u00a0\u00a0\u00a0\u00a0\u00a0\u00a0\u00a0\u00a0\u00a0\u00a0\u00a0\u00a0\u00a0\u00a0\u00a0\u00a0\u00a0\u00a0\u00a0\u00a0\u00a0\u00a0\u00a0\u00a0\u00a0...67 * gro\u00dfe Kreisstadt direkt angrenzend an <a class=\"read-more\" href=\"https:\/\/nerven-praxis.de\/website\/\">... weiterlesen <span class=\"meta-nav\">&rarr;<\/span><\/a><\/p>\n","protected":false},"author":1,"featured_media":0,"parent":0,"menu_order":0,"comment_status":"closed","ping_status":"closed","template":"page-templates\/front-page.php","meta":{"jetpack_post_was_ever_published":false,"footnotes":""},"class_list":["post-22","page","type-page","status-publish","hentry"],"jetpack_sharing_enabled":true,"jetpack_shortlink":"https:\/\/wp.me\/P8m3CX-m","jetpack-related-posts":[],"_links":{"self":[{"href":"https:\/\/nerven-praxis.de\/website\/wp-json\/wp\/v2\/pages\/22","targetHints":{"allow":["GET"]}}],"collection":[{"href":"https:\/\/nerven-praxis.de\/website\/wp-json\/wp\/v2\/pages"}],"about":[{"href":"https:\/\/nerven-praxis.de\/website\/wp-json\/wp\/v2\/types\/page"}],"author":[{"embeddable":true,"href":"https:\/\/nerven-praxis.de\/website\/wp-json\/wp\/v2\/users\/1"}],"replies":[{"embeddable":true,"href":"https:\/\/nerven-praxis.de\/website\/wp-json\/wp\/v2\/comments?post=22"}],"version-history":[{"count":475,"href":"https:\/\/nerven-praxis.de\/website\/wp-json\/wp\/v2\/pages\/22\/revisions"}],"predecessor-version":[{"id":1666,"href":"https:\/\/nerven-praxis.de\/website\/wp-json\/wp\/v2\/pages\/22\/revisions\/1666"}],"wp:attachment":[{"href":"https:\/\/nerven-praxis.de\/website\/wp-json\/wp\/v2\/media?parent=22"}],"curies":[{"name":"wp","href":"https:\/\/api.w.org\/{rel}","templated":true}]}}

<div style="font-size: 1.2em; color: red; text-align: center;">+++ Unsere Praxis bleibt wegen Umstellung unserer Praxis-EDV am 27. und 28. April geschlossen! +++</div>
<p><!-- 

<div style="font-size: 1.2em; color: red; text-align: center;">+++ Unsere Praxis bleibt über die Feiertage vom 22.12.25 bis 5.1.26 geschlossen (Vertretung siehe <a href="https://nerven-praxis.de/website/sample-page/">Aktuelles</a>) +++</div>




<div style="font-size: 1.2em; color: red; text-align: center;">+++ Ärztliche Schweigepflicht in Gefahr:  <a href="https://nerven-praxis.de/website/aerztliche-schweigepflicht-in-gefahr-die-elektronische-patientenakte/">die elektronische Patientenakte</a> +++</div>

 --></p>
<div style="font-size: 1.8em; color: black; text-align: center;">Dr. Richard Ippisch<br />
Dr. Martina Mennicken</div>
<div style="font-size: 1.4em; text-align: center;"><strong>Neurologie</strong></div>
<div style="font-size: 1.8em; color: black; text-align: center;">Dr. Kristina-Marija Strube</div>
<div style="font-size: 1.4em; text-align: center;"><strong>Neurologie, Schmerztherapie</strong></div>
<div></div>
<div style="font-size: 1.8em; color: black; text-align: center;">Dr. Elisabeth Schmölz<br />
Dr. Heike Thoma<br />
PD Dr. Astrid Röh</div>
<div style="font-size: 1.4em; text-align: center;"><strong>Psychiatrie, Psychotherapie</strong></div>
<div></div>
<div style="font-size: 1.4em; color: black; text-align: center;">Josef-Kistler-Straße 10<br />
<strong>82110 Germering</strong><sup>*</sup><strong>Telefon: 089 - 894 82 64<br />
Fax:                            ...67</strong></div>
<div style="text-align: center;"><sup>*</sup> große Kreisstadt direkt angrenzend an den Westen von München.</div>
<p>
<center></p>
<div></div>
<div style="color: black; width: 320px; background-color: #ccc; border: 1px solid black; padding: 10px; vertical-align: middle;"><strong>Kennen Sie unseren Online-Service ?</strong><br />
Sie können damit einen Rückruf zur Termin-Vereinbarung anfordern, Rezepte nachbestellen oder andere Anfragen an uns richten:<br />
<a style="font-size: 1.3em;" href="http://nerven-praxis.de/online/anfragen1.php"> Unser Online-Service</a>.</div>
<p><!--


<div style="color: black; background-color: #ccc; border: 1px solid black; padding: 10px; vertical-align: middle;"><strong>Umstellung unserer Telefonanlage am 31.3.22!</strong>
Unser Telefonanschluss wird am 31.3.2022 umgestellt. Unsere Praxis ist möglicherweise dann vorübergehend nicht über unsere üblichen Telefonnummern erreichbar. Wir werden hier rechtzeitig eine ersatzweise anzuwählende Mobiltelefon-Nummer bekannt geben.


<div style="color: black; background-color: #ccc; border: 1px solid black; padding: 10px; vertical-align: middle;"><strong>Corona-Krise:</strong>
Wir haben die Einschränkungen des Praxisbetriebs gelockert. <strong>Bitte betreten Sie die Praxis nur mit einer Gesichtsmaske!</strong> Lesen Sie bitte die aktualisierten
<a href="https://wp.me/P8m3CX-g8" style="font-size:1.3em;">Informationen unserer Praxis</a>.</div>


<i></i>


<div style="color: black; background-color: #ccc; border: 1px solid black; padding: 10px; vertical-align: middle;"><strong>Corona-Krise:</strong>
Wir haben die Einschränkungen des Praxisbetriebs gelockert. <strong>Bitte betreten Sie die Praxis nur mit einer Gesichtsmaske!</strong> Lesen Sie bitte die aktualisierten
<a href="https://wp.me/P8m3CX-g8" style="font-size:1.3em;">Informationen unserer Praxis</a>.</div>


<i></i>


<div style="color: black; background-color: #ccc; border: 1px solid black; padding: 10px; vertical-align: middle;"><strong>Kennen Sie unseren Online-Service ?</strong>
Sie können damit einen Rückruf zur Terminvereinbarung anfordern, Rezepte nachbestellen oder andere Anfragen an uns richten: <a href="http://nerven-praxis.de/online/anfragen1.php" style="font-size:1.3em;"> Unser Online-Service</a>.</div>


<i></i>


<div style="color: black; background-color: #ccc; border: 1px solid black; padding: 10px; vertical-align: middle;"><strong>Droht eine "SCHUFA-Auskunft" Ihrer Krankheitsdaten ?</strong>
Wir wehren uns gegen die Einführung der <a href="http://www.nerven-praxis.de/patblog/2019/03/05/in-zukunft-moegliche-schufa-auskunft-fuer-ihre-krankheiten/">Telematik-Infrastruktur</a> durch Gesundheitsminister Jens Spahn.</div>


<i></i>
--></p>
<p><a style="font-size: 1.5em;" href="http://nerven-praxis.de/website/wir-ueber-uns/">wir über uns</a><br />
Was Sie von uns erwarten können.</p>
<p><a style="font-size: 1.5em;" href=" http://nerven-praxis.de/schwindel-praxis/index.html">schwindel-sprechstunde</a><br />
Unsere Spezialsprechstunde für Schwindel.</p>
<p><a style="font-size: 1.5em;" href="http://nerven-praxis.de/website/bundesweites-netzwerk-gegen-kopfschmerz/">kopfschmerz-zentrum</a><br />
im bundesweiten Netzwerk gegen Kopfschmerz.</p>
<p><a style="font-size: 1.5em;" href="http://www.nerven-praxis.de/patblog/2013/03/09/einfuhrung/">neuro blog</a><br />
In unserem Blog finden Sie Wissenswertes und interessante Fälle aus unserer Praxis...<br />
</center></p>

<p>+++ Unsere Praxis bleibt wegen Umstellung unserer Praxis-EDV am 27. und 28. April geschlossen! +++ Dr. Richard Ippisch Dr. Martina Mennicken Neurologie Dr. Kristina-Marija Strube Neurologie, Schmerztherapie Dr. Elisabeth Schmölz Dr. Heike Thoma PD Dr. Astrid Röh Psychiatrie, Psychotherapie Josef-Kistler-Straße 10 82110 Germering*Telefon: 089 - 894 82 64 Fax:                            ...67 * große Kreisstadt direkt angrenzend an <a class="read-more" href="https://nerven-praxis.de/website/">... weiterlesen <span class="meta-nav">&rarr;</span></a></p>
